d 54.
9
Calculate the greatest common factor of 7553 and 377.
13
What is the highest common factor of 3775264 and 224?
32
What is the greatest common factor of 32636 and 3772?
164
What is the greatest common factor of 6402 and 10?
2
What is the greatest common factor of 39 and 53924?
13
What is the highest common divisor of 952 and 1179766?
238
Calculate the highest common factor of 2148 and 5400.
12
What is the highest common divisor of 171 and 63802?
19
Calculate the greatest common divisor of 20996 and 1073.
29
Calculate the highest common divisor of 158829 and 528.
33
Calculate the greatest common divisor of 12565 and 105.
35
What is the greatest common factor of 25396 and 2?
2
Calculate the highest common divisor of 1157 and 13617.
89
Calculate the highest common divisor of 255 and 11577.
51
Calculate the greatest common factor of 287 and 32349.
41
Calculate the greatest common divisor of 839776 and 28.
28
What is the greatest common factor of 1019621 and 4244?
1061
Calculate the highest common factor of 140 and 1087870.
70
Calculate the highest common factor of 6683 and 262919.
163
Calculate the highest common factor of 10752 and 357.
21
Calculate the greatest common divisor of 59367 and 231.
231
What is the greatest common divisor of 4350 and 76299?
87
Calculate the greatest common divisor of 2064 and 108.
12
What is the highest common factor of 13819 and 5642?
13
Calculate the greatest common divisor of 24 and 1265112.
24
What is the greatest common factor of 35 and 27110?
5
Calculate the highest common factor of 19 and 2892085.
19
What is the highest common factor of 68 and 11101?
17
What is the highest common divisor of 104 and 33644?
52
What is the highest common factor of 151136 and 32?
32
Calculate the greatest common factor of 3192 and 203.
7
Calculate the highest common divisor of 807207 and 15.
3
Calculate the highest common factor of 280840 and 105.
35
What is the greatest common factor of 784 and 368872?
392
Calculate the greatest common divisor of 724 and 62807.
181
What is the highest common factor of 266 and 2195032?
266
Calculate the highest common factor of 90 and 4622958.
18
Calculate the highest common factor of 221585 and 910.
455
What is the greatest common divisor of 19 and 213883?
19
What is the highest common factor of 105429 and 339?
339
Calculate the highest common divisor of 132 and 429864.
12
What is the greatest common factor of 442113 and 6993?
777
What is the highest common factor of 88 and 11?
11
Calculate the highest common divisor of 161872 and 5092.
268
Calculate the highest common divisor of 22704 and 6751.
43
Calculate the greatest common divisor of 85020 and 3900.
780
What is the greatest common factor of 1058 and 158?
2
Calculate the highest common divisor of 232046 and 314.
314
Calculate the highest common divisor of 485 and 50634.
97
What is the greatest common divisor of 679 and 77115?
97
What is the highest common factor of 13288 and 2567?
151
Calculate the greatest common factor of 170 and 702406.
34
What is the greatest common factor of 1148 and 139277?
41
What is the highest common divisor of 121176 and 25344?
792
Calculate the greatest common factor of 61074 and 27898.
754
Calculate the greatest common divisor of 62528 and 64.
64
Calculate the highest common factor of 96418 and 56.
14
What is the highest common factor of 7050 and 3055?
235
What is the greatest common divisor of 178943 and 1651?
127
Calculate the greatest common factor of 100 and 498550.
50
What is the highest common divisor of 1446 and 378?
6
What is the greatest common factor of 2204 and 4940?
76
What is the highest common divisor of 6979 and 28?
7
Calculate the greatest common divisor of 749 and 76505.
107
What is the highest common factor of 4062 and 216?
6
What is the greatest common divisor of 18060 and 252?
84
Calculate the greatest common factor of 193192 and 82.
82
Calculate the greatest common divisor of 22 and 343222.
22
What is the highest common divisor of 294 and 20316?
6
Calculate the greatest common divisor of 1344 and 54432.
672
What is the greatest common factor of 288 and 9192?
24
Calculate the greatest common factor of 438980 and 35720.
940
What is the highest common divisor of 1733 and 998208?
1733
Calculate the greatest common divisor of 1264 and 24648.
632
What is the highest common factor of 1404 and 153738?
702
What is the greatest common divisor of 116441 and 13091?
689
What is the greatest common divisor of 1522 and 2?
2
What is the greatest common divisor of 13896 and 936?
72
What is the highest common factor of 15440 and 15633?
193
Calculate the highest common divisor of 28 and 1826.
2
Calculate the greatest common factor of 10 and 151605.
5
What is the greatest common factor of 2186 and 26?
2
Calculate the highest common divisor of 8 and 1000504.
8
What is the highest common factor of 1161 and 65661?
129
Calculate the highest common factor of 13392 and 3627.
279
Calculate the greatest common divisor of 77 and 581.
7
Calculate the highest common factor of 36 and 6908364.
36
Calculate the highest common divisor of 103278 and 35.
7
What is the highest common divisor of 244494 and 2538?
846
What is the greatest common factor of 270 and 19755?
45
What is the greatest common factor of 80 and 3970640?
80
What is the highest common divisor of 62 and 570431?
31
What is the greatest common divisor of 196 and 4607274?
98
Calculate the greatest common divisor of 3275 and 41003.
131
Calculate the greatest common divisor of 2 and 58116.
2
Calculate the greatest common factor of 3075 and 6273.
123
Calculate the highest common factor of 700 and 115850.
350
What is the highest common factor of 410763 and 1018?
509
What is the greatest common divisor of 111843 and 86?
43
What is the highest common divisor of 1866 and 1045582?
622
Calculate the greatest common divisor of 1243 and 125995.
113
What is the highest common factor of 1314742 and 2288?
286
Calculate the greatest common divisor of 105576 and 75198.
498
Calculate the greatest common divisor of 378 and 212598.
54
Calculate the greatest common divisor of 10988 and 1072.
268
Calculate the highest common factor of 9 and 40653.
9
Calculate the highest common divisor of 38485 and 5191.
179
What is the greatest common factor of 112 and 68908?
28
Calculate the greatest common divisor of 447 and 2801349.
447
Calculate the highest common divisor of 423 and 144.
9
Calculate the highest common factor of 13938 and 184.
46
Calculate the highest common factor of 415 and 6557.
83
Calculate the greatest common factor of 317694 and 90.
6
What is the highest common factor of 223536 and 18?
6
Calculate the highest common divisor of 121263 and 1992.
249
What is the greatest common factor of 2559 and 349730?
853
What is the highest common factor of 779328 and 891?
297
Calculate the greatest common divisor of 785 and 310.
5
What is the greatest common factor of 56 and 826203?
7
Calculate the greatest common factor of 10109 and 1375.
11
Calculate the greatest common divisor of 1 and 18209.
1
Calculate the highest common divisor of 39465 and 45.
45
What is the highest common divisor of 129982 and 1802?
34
Calculate the highest common factor of 24236 and 511.
73
What is the greatest common divisor of 36638 and 126?
14
Calculate the highest common factor of 8619 and 9.
3
Calculate the greatest common factor of 7404 and 228.
12
What is the highest common divisor of 11 and 687049?
11
What is the greatest common divisor of 4 and 275280?
4
Calculate the greatest common factor of 72897 and 858.
33
What is the highest common factor of 396440 and 45560?
680
Calculate the highest common factor of 139190 and 11470.
310
Calculate the greatest common divisor of 4272 and 4094.
178
Calculate the greatest common factor of 28964 and 6396.
52
What is the highest common factor of 12688 and 22692?
244
Calculate the highest common factor of 67842 and 66.
6
What is the greatest common factor of 438 and 17592?
6
Calculate the highest common factor of 188 and 397714.
94
What is the greatest common factor of 9400 and 5800?
200
What is the greatest common factor of 9 and 982791?
9
What is the greatest common divisor of 1664 and 273?
13
What is the highest common divisor of 2248541 and 755?
151
What is 